{"id":127,"date":"2022-06-09T17:31:38","date_gmt":"2022-06-09T17:31:38","guid":{"rendered":"https:\/\/nervous-jepsen.82-223-46-219.plesk.page\/?page_id=127"},"modified":"2025-10-31T09:06:07","modified_gmt":"2025-10-31T09:06:07","slug":"politica-de-cookies","status":"publish","type":"page","link":"https:\/\/novabio.es\/index.php\/politica-de-cookies\/","title":{"rendered":"Pol\u00edtica de Cookies"},"content":{"rendered":"<p>[et_pb_section fb_built=\u00bb1&#8243; admin_label=\u00bbHeader\u00bb _builder_version=\u00bb4.17.4&#8243; _module_preset=\u00bbdefault\u00bb use_background_color_gradient=\u00bbon\u00bb background_color_gradient_stops=\u00bbrgba(15,57,59,0.8) 0%|rgba(15,57,59,0.8) 100%\u00bb background_color_gradient_overlays_image=\u00bbon\u00bb background_color_gradient_start=\u00bbrgba(15,57,59,0.8)\u00bb background_color_gradient_end=\u00bbrgba(15,57,59,0.8)\u00bb background_image=\u00bbhttps:\/\/novabio.es\/wp-content\/uploads\/2022\/06\/novabio_arbol.jpg\u00bb custom_padding=\u00bb13vw||13vw||true|false\u00bb locked=\u00bboff\u00bb global_colors_info=\u00bb{}\u00bb][et_pb_row _builder_version=\u00bb4.16&#8243; _module_preset=\u00bbdefault\u00bb global_colors_info=\u00bb{}\u00bb][et_pb_column type=\u00bb4_4&#8243; _builder_version=\u00bb4.16&#8243; _module_preset=\u00bbdefault\u00bb custom_padding=\u00bb|190px||190px|false|true\u00bb custom_padding_tablet=\u00bb|30px||30px|false|true\u00bb custom_padding_phone=\u00bb|20px||20px|false|true\u00bb custom_padding_last_edited=\u00bbon|desktop\u00bb global_colors_info=\u00bb{}\u00bb][et_pb_text _builder_version=\u00bb4.17.4&#8243; _module_preset=\u00bbdefault\u00bb header_4_font=\u00bbDM Sans|700||on|||||\u00bb header_4_text_align=\u00bbcenter\u00bb header_4_text_color=\u00bb#7CDA24&#8243; header_4_font_size=\u00bb14px\u00bb header_4_letter_spacing=\u00bb1px\u00bb header_4_line_height=\u00bb1.5em\u00bb custom_margin=\u00bb||0px||false|false\u00bb header_4_font_size_tablet=\u00bb14px\u00bb header_4_font_size_phone=\u00bb\u00bb header_4_font_size_last_edited=\u00bbon|tablet\u00bb locked=\u00bboff\u00bb global_colors_info=\u00bb{}\u00bb]<\/p>\n<h4>novaBIO<\/h4>\n<p>[\/et_pb_text][et_pb_text _builder_version=\u00bb4.17.4&#8243; _module_preset=\u00bbdefault\u00bb header_font=\u00bbDM Sans||||||||\u00bb header_text_align=\u00bbcenter\u00bb header_text_color=\u00bb#FFFFFF\u00bb header_font_size=\u00bb64px\u00bb header_letter_spacing=\u00bb-0.02em\u00bb header_line_height=\u00bb1.15em\u00bb custom_margin=\u00bb||16px||false|false\u00bb header_font_size_tablet=\u00bb40px\u00bb header_font_size_phone=\u00bb24px\u00bb header_font_size_last_edited=\u00bbon|desktop\u00bb locked=\u00bboff\u00bb global_colors_info=\u00bb{}\u00bb]<\/p>\n<h1>Pol\u00edtica de Cookies<\/h1>\n<p>[\/et_pb_text][\/et_pb_column][\/et_pb_row][\/et_pb_section][et_pb_section fb_built=\u00bb1&#8243; _builder_version=\u00bb4.17.4&#8243; _module_preset=\u00bbdefault\u00bb global_colors_info=\u00bb{}\u00bb][et_pb_row _builder_version=\u00bb4.17.4&#8243; _module_preset=\u00bbdefault\u00bb global_colors_info=\u00bb{}\u00bb][et_pb_column type=\u00bb4_4&#8243; _builder_version=\u00bb4.17.4&#8243; _module_preset=\u00bbdefault\u00bb global_colors_info=\u00bb{}\u00bb][et_pb_text _builder_version=\u00bb4.17.4&#8243; _module_preset=\u00bbdefault\u00bb global_colors_info=\u00bb{}\u00bb]<\/p>\n<h2>1.- ANTECEDENTES<\/h2>\n<p>De conformidad con la normativa espa\u00f1ola que regula el uso de cookies, le informamos sobre las cookies utilizadas en este sitio web.<\/p>\n<p>&nbsp;<\/p>\n<h2>2.- \u00bfQUE SON LAS COOKIES?<\/h2>\n<p>Una cookie es un fichero que se descarga en el ordenador del usuario al acceder a determinadas p\u00e1ginas web y que almacenan y recuperan informaci\u00f3n cuando navega. Las cookies permiten, entre otras cosas, reconocerte como usuario, obtener informaci\u00f3n sobre los h\u00e1bitos de navegaci\u00f3n del usuario, o personalizar la forma en que se muestra el contenido. Los usos de las cookies realizado por esta p\u00e1gina web, se describen en esta Pol\u00edtica de Cookies.<\/p>\n<p>&nbsp;<\/p>\n<h2>3.- TIPOS DE COOKIES<\/h2>\n<p>Las cookies se pueden clasificar de la siguiente forma:<\/p>\n<p>Cookies seg\u00fan la entidad que las gestiona:<\/p>\n<p>1.- Cookies propias: Son aqu\u00e9llas que se env\u00edan al equipo terminal del usuario desde un equipo o dominio gestionado por el propio editor y desde el que se presta el servicio solicitado por el usuario.<\/p>\n<p>2.- Cookies de terceros: Son aqu\u00e9llas que se env\u00edan al equipo terminal del usuario desde un equipo o dominio que no es gestionado por el editor, sino por otra entidad que trata los datos obtenidos trav\u00e9s de las cookies.<\/p>\n<h3>Cookies seg\u00fan la finalidad:<\/h3>\n<p>1.- Cookies t\u00e9cnicas: son aquellas que permiten al usuario la navegaci\u00f3n a trav\u00e9s de una p\u00e1gina web, plataforma o aplicaci\u00f3n y la utilizaci\u00f3n de las diferentes opciones o servicios que en ella existan, incluyendo aquellas que el editor utiliza para permitir la gesti\u00f3n y operativa de la p\u00e1gina web y habilitar sus funciones y servicios.<\/p>\n<p>2.- Cookies de preferencias o personalizaci\u00f3n: son aquellas que permiten recordar informaci\u00f3n para que el usuario acceda al servicio con determinadas caracter\u00edsticas que pueden diferencias su experiencia de la de otros usuarios.<\/p>\n<p>3.- Cookies de an\u00e1lisis o medici\u00f3n: Son aqu\u00e9llas que permiten al responsable de las mismas el seguimiento y an\u00e1lisis del comportamiento de los usuarios de los sitios web a los que est\u00e1n vinculadas.<\/p>\n<p>4.- Cookies de publicidad comportamental: Son aqu\u00e9llas que almacenan informaci\u00f3n del comportamiento de los usuarios obtenida a trav\u00e9s de la observaci\u00f3n continuada de sus h\u00e1bitos de navegaci\u00f3n, lo que permite desarrollar un perfil espec\u00edfico para mostrar publicidad en funci\u00f3n del mismo.<\/p>\n<p>Cookies seg\u00fan el plazo de tiempo que permanecen activadas:<\/p>\n<p>1.- Cookies de sesi\u00f3n: son aquellas dise\u00f1adas para recabar y almacenar datos mientras el usuario accede a una p\u00e1gina web.<\/p>\n<p>2.- Cookies persistentes: son aquellas en las que los datos siguen almacenados en el terminal y pueden ser accedidos y tratados durante un periodo definido por el responsable de la cookie, y que puede ir de unos minutos a varios a\u00f1os.<\/p>\n<p>&nbsp;<\/p>\n<p>&nbsp;<\/p>\n<h2>4.- TIPOS DE COOKIES UTILIZADAS POR ESTE SITIO WEB<\/h2>\n<p>Nuestra p\u00e1gina web utiliza las siguientes cookies:<\/p>\n<table>\n<thead>\n<tr>\n<th>Cookie (nombre)<\/th>\n<th>Proveedor<\/th>\n<th>Finalidad<\/th>\n<th>Tipo<\/th>\n<th>Duraci\u00f3n<\/th>\n<\/tr>\n<\/thead>\n<tbody>\n<tr>\n<td>PHPSESSID<\/td>\n<td>Propio (servidor)<\/td>\n<td>Mantener la sesi\u00f3n del usuario en el servidor (funcionalidad b\u00e1sica).<\/td>\n<td>Necesaria \/ T\u00e9cnica<\/td>\n<td>Sesi\u00f3n (se borra al cerrar el navegador)<\/td>\n<\/tr>\n<tr>\n<td>wp-settings-*<\/td>\n<td>WordPress (propio)<\/td>\n<td>Guardar preferencias de visualizaci\u00f3n del usuario en el panel de administraci\u00f3n.<\/td>\n<td>Funcional \/ Preferencias<\/td>\n<td>1 a\u00f1o<\/td>\n<\/tr>\n<tr>\n<td>viewed_cookie_policy \/ cookie_notice_accepted \/ cookieyes-consent<\/td>\n<td>Banner de consentimiento (CookieYes, Cookie Notice, etc.)<\/td>\n<td>Recordar la elecci\u00f3n de consentimiento del usuario.<\/td>\n<td>Necesaria para consentimiento<\/td>\n<td>1 a\u00f1o<\/td>\n<\/tr>\n<tr>\n<td>_ga<\/td>\n<td>Google Analytics<\/td>\n<td>Analizar el uso del sitio (n\u00famero de visitantes, sesiones, etc.).<\/td>\n<td>Anal\u00edtica<\/td>\n<td>2 a\u00f1os<\/td>\n<\/tr>\n<tr>\n<td>_gid<\/td>\n<td>Google Analytics<\/td>\n<td>Distinguir usuarios \u00fanicos.<\/td>\n<td>Anal\u00edtica<\/td>\n<td>24 horas<\/td>\n<\/tr>\n<tr>\n<td>_gat \/<span>\u00a0<\/span><em>gat_gtag<\/em><\/td>\n<td>Google Analytics<\/td>\n<td>Limitar la tasa de peticiones a los servidores de Analytics.<\/td>\n<td>Anal\u00edtica<\/td>\n<td>1 minuto<\/td>\n<\/tr>\n<tr>\n<td>_fbp<\/td>\n<td>Facebook \/ Meta<\/td>\n<td>Asignar un ID para mostrar publicidad relevante a los usuarios.<\/td>\n<td>Publicidad \/ Seguimiento<\/td>\n<td>3 meses<\/td>\n<\/tr>\n<tr>\n<td>IDE \/ id<\/td>\n<td>DoubleClick \/ Google Ads<\/td>\n<td>Publicidad comportamental y medici\u00f3n de campa\u00f1as.<\/td>\n<td>Publicidad<\/td>\n<td>1 a\u00f1o<\/td>\n<\/tr>\n<tr>\n<td>Otros (cookies de terceros)<\/td>\n<td>Facebook, Instagram, YouTube, Vimeo, etc.<\/td>\n<td>Funcionalidades de integraci\u00f3n, m\u00e9tricas y publicidad de terceros.<\/td>\n<td>Funcional \/ Anal\u00edtica \/ Publicidad<\/td>\n<td>Variable \u2014 consultar al tercero<\/td>\n<\/tr>\n<tr>\n<td>__utm* (antiguas)<\/td>\n<td>Google Analytics (legacy)<\/td>\n<td>Anal\u00edtica hist\u00f3rica (si se usa).<\/td>\n<td>Anal\u00edtica<\/td>\n<td>6 a 24 meses (seg\u00fan la cookie)<\/td>\n<\/tr>\n<\/tbody>\n<\/table>\n<p>En caso de aceptar las cookies de terceros, est\u00e1s deber\u00e1n ser eliminadas desde las opciones del navegador, tal y como se describe en el punto 5 de esta pol\u00edtica o desde el sistema ofrecido por el tercero.<\/p>\n<p>&nbsp;<\/p>\n<h2>5.- REVOCACI\u00d3N Y ELIMINACI\u00d3N DE COOKIES<\/h2>\n<p>Cuando acceda por primera vez a nuestra web podr\u00e1 aceptar o rechazar el uso de todas nuestras cookies o si lo prefiere, podr\u00e1 acceder a la configuraci\u00f3n y aceptar las cookies atendiendo al tipo de las mismas, exceptuando las cookies t\u00e9cnicas, las cuales est\u00e1n exceptuadas de necesitar consentimiento del usuario. Podr\u00e1 cambiar sus preferencias en cualquier momento accediendo a nuestro panel de configuraci\u00f3n.<\/p>\n<p>Adem\u00e1s, puede acceder a la configuraci\u00f3n de su navegador para restringir, bloquear o borrar las cookies, siguiendo uno de los siguientes procedimientos, que depende del navegador que utilice:<\/p>\n<p>Google Chrome\u00a0<br \/>https:\/\/support.google.com\/chrome\/answer\/95647?hl=es\u00a0<\/p>\n<p>Microsoft Internet Explorer\u00a0<br \/>http:\/\/windows.microsoft.com\/es-es\/internet-explorer\/delete-manage-cookies#ie=ie-9\u00a0<\/p>\n<p>Firefox\u2028http:\/\/support.mozilla.org\/es\/kb\/habilitar-y-deshabilitar-cookies-que-los-sitios-we\u00a0<\/p>\n<p>Safari , iPad e iPhone\u2028https:\/\/support.apple.com\/es-es\/HT201265<\/p>\n<p>Opera\u2028http:\/\/help.opera.com\/Linux\/10.60\/es-ES\/cookies.html\u00a0<\/p>\n<p>&nbsp;<\/p>\n<h2>6.- TERCEROS PRESTADORES DE SERVICIOS<\/h2>\n<p>En concreto los terceros prestadores de servicios con los que hemos contratado alg\u00fan servicio para el que es necesario la utilizaci\u00f3n de cookies son:<\/p>\n<table width=\"941\" height=\"1176\">\n<thead>\n<tr>\n<th style=\"width: 229.078px;\">Proveedor (dominio)<\/th>\n<th style=\"width: 202.859px;\">Nombre(s) de cookie<\/th>\n<th style=\"width: 139.547px;\">Finalidad<\/th>\n<th style=\"width: 114.031px;\">Tipo<\/th>\n<th style=\"width: 168.891px;\">Duraci\u00f3n<\/th>\n<th style=\"width: 157.125px;\">Transferencias internacionales<\/th>\n<th style=\"width: 120.281px;\">Enlace a la pol\u00edtica del proveedor<\/th>\n<th style=\"width: 160.312px;\">Consentimiento<\/th>\n<\/tr>\n<\/thead>\n<tbody>\n<tr>\n<td style=\"width: 229.078px;\">Google Analytics (<code inline=\"\">.google.com<\/code>, <code inline=\"\">.google-analytics.com<\/code>)<\/td>\n<td style=\"width: 202.859px;\"><code inline=\"\">_ga<\/code>, <code inline=\"\">_gid<\/code>, <code inline=\"\">_gat<\/code>, <code inline=\"\">_ga_*<\/code><\/td>\n<td style=\"width: 139.547px;\">Recopila datos estad\u00edsticos an\u00f3nimos sobre el uso del sitio web (n\u00famero de visitas, duraci\u00f3n, p\u00e1ginas vistas, etc.)<\/td>\n<td style=\"width: 114.031px;\">Anal\u00edtica<\/td>\n<td style=\"width: 168.891px;\"><code inline=\"\">_ga<\/code>: 2 a\u00f1os<code inline=\"\">_gid<\/code>: 24 h<code inline=\"\">_gat<\/code>: 1 min<\/td>\n<td style=\"width: 157.125px;\">S\u00ed \u2014 EE. UU.<\/td>\n<td style=\"width: 120.281px;\"><a href=\"https:\/\/policies.google.com\/technologies\/cookies\">Pol\u00edtica de cookies de Google<\/a><\/td>\n<td style=\"width: 160.312px;\">S\u00ed<\/td>\n<\/tr>\n<tr>\n<td style=\"width: 229.078px;\">YouTube (<code inline=\"\">.youtube.com<\/code>, <code inline=\"\">.ytimg.com<\/code>)<\/td>\n<td style=\"width: 202.859px;\"><code inline=\"\">VISITOR_INFO1_LIVE<\/code>, <code inline=\"\">YSC<\/code>, <code inline=\"\">PREF<\/code><\/td>\n<td style=\"width: 139.547px;\">Permite la reproducci\u00f3n de v\u00eddeos embebidos y recopila datos de uso para mejorar la experiencia y mostrar publicidad relacionada<\/td>\n<td style=\"width: 114.031px;\">Funcional \/ Marketing<\/td>\n<td style=\"width: 168.891px;\">Variable (sesi\u00f3n o hasta 8 meses)<\/td>\n<td style=\"width: 157.125px;\">S\u00ed \u2014 EE. UU.<\/td>\n<td style=\"width: 120.281px;\"><a href=\"https:\/\/policies.google.com\/privacy\">Pol\u00edtica de privacidad de YouTube<\/a><\/td>\n<td style=\"width: 160.312px;\">S\u00ed<\/td>\n<\/tr>\n<tr>\n<td style=\"width: 229.078px;\">Meta \/ Facebook (<code inline=\"\">.facebook.com<\/code>, <code inline=\"\">.connect.facebook.net<\/code>)<\/td>\n<td style=\"width: 202.859px;\"><code inline=\"\">_fbp<\/code>, <code inline=\"\">fr<\/code><\/td>\n<td style=\"width: 139.547px;\">Rastreo de conversiones y segmentaci\u00f3n publicitaria<\/td>\n<td style=\"width: 114.031px;\">Marketing<\/td>\n<td style=\"width: 168.891px;\"><code inline=\"\">_fbp<\/code>: 3 meses<code inline=\"\">fr<\/code>: 3 meses<\/td>\n<td style=\"width: 157.125px;\">S\u00ed \u2014 EE. UU.<\/td>\n<td style=\"width: 120.281px;\"><a href=\"https:\/\/www.facebook.com\/policies\/cookies\/\">Cookies de Meta<\/a><\/td>\n<td style=\"width: 160.312px;\">S\u00ed<\/td>\n<\/tr>\n<tr>\n<td style=\"width: 229.078px;\">Google Ads \/ DoubleClick (<code inline=\"\">.doubleclick.net<\/code>)<\/td>\n<td style=\"width: 202.859px;\"><code inline=\"\">IDE<\/code>, <code inline=\"\">test_cookie<\/code><\/td>\n<td style=\"width: 139.547px;\">Mide la eficacia de campa\u00f1as publicitarias y muestra anuncios relevantes<\/td>\n<td style=\"width: 114.031px;\">Marketing<\/td>\n<td style=\"width: 168.891px;\"><code inline=\"\">IDE<\/code>: 1 a\u00f1o<code inline=\"\">test_cookie<\/code>: 15 min<\/td>\n<td style=\"width: 157.125px;\">S\u00ed \u2014 EE. UU.<\/td>\n<td style=\"width: 120.281px;\"><a href=\"https:\/\/policies.google.com\/technologies\/ads\">Pol\u00edtica de Google Ads<\/a><\/td>\n<td style=\"width: 160.312px;\">S\u00ed<\/td>\n<\/tr>\n<tr>\n<td style=\"width: 229.078px;\">Google Fonts (<code inline=\"\">fonts.googleapis.com<\/code>, <code inline=\"\">fonts.gstatic.com<\/code>)<\/td>\n<td style=\"width: 202.859px;\">\u2014 <em>(no crea cookies)<\/em><\/td>\n<td style=\"width: 139.547px;\">Carga tipograf\u00edas externas de Google; puede implicar transferencia de la IP del usuario<\/td>\n<td style=\"width: 114.031px;\">T\u00e9cnica \/ Funcional<\/td>\n<td style=\"width: 168.891px;\">\u2014<\/td>\n<td style=\"width: 157.125px;\">S\u00ed \u2014 EE. UU.<\/td>\n<td style=\"width: 120.281px;\"><a href=\"https:\/\/developers.google.com\/fonts\/faq\/privacy\">Google Fonts Privacy FAQ<\/a><\/td>\n<td style=\"width: 160.312px;\">No <em>(pero se informa por transferencia IP)<\/em><\/td>\n<\/tr>\n<\/tbody>\n<\/table>\n<p>&nbsp;<\/p>\n<p>En caso de aceptar las cookies de terceros, est\u00e1s deber\u00e1n ser eliminadas desde las opciones del navegador, tal y como se describe en el punto 5 de esta pol\u00edtica o desde el sistema ofrecido por el tercero.<br \/>Adem\u00e1s, puedes informarte de las transferencias internacionales a terceros pa\u00edses, que en su caso realizan los terceros identificados en la tabla anterior, en sus correspondientes pol\u00edticas accediendo a trav\u00e9s del enlace ubicado en \u201cinformaci\u00f3n del proveedor\u201d de la tabla anterior.<\/p>\n<p>[\/et_pb_text][\/et_pb_column][\/et_pb_row][\/et_pb_section][et_pb_section fb_built=\u00bb1&#8243; admin_label=\u00bbQuienes Somos\u00bb module_id=\u00bbproductos\u00bb _builder_version=\u00bb4.17.4&#8243; _module_preset=\u00bbdefault\u00bb background_color=\u00bb#f5f3ee\u00bb custom_padding=\u00bb||97px|||\u00bb locked=\u00bboff\u00bb global_colors_info=\u00bb{}\u00bb][et_pb_row column_structure=\u00bb1_3,1_3,1_3&#8243; _builder_version=\u00bb4.17.4&#8243; _module_preset=\u00bbdefault\u00bb custom_margin=\u00bb60px||||false|false\u00bb global_colors_info=\u00bb{}\u00bb][et_pb_column type=\u00bb1_3&#8243; _builder_version=\u00bb4.16&#8243; _module_preset=\u00bbdefault\u00bb global_colors_info=\u00bb{}\u00bb][et_pb_blurb title=\u00bbHuesos de Aceituna\u00bb image=\u00bbhttps:\/\/novabio.es\/wp-content\/uploads\/2022\/06\/oliva_icon-8.png\u00bb icon_alignment=\u00bbleft\u00bb content_max_width=\u00bb100%\u00bb _builder_version=\u00bb4.17.4&#8243; _dynamic_attributes=\u00bblink_option_url\u00bb _module_preset=\u00bbdefault\u00bb header_font=\u00bbDM Sans|700|||||||\u00bb header_text_color=\u00bb#093532&#8243; header_font_size=\u00bb20px\u00bb header_line_height=\u00bb1.2em\u00bb body_font=\u00bbDM Sans||||||||\u00bb body_text_color=\u00bb#6b8483&#8243; body_font_size=\u00bb16px\u00bb custom_margin=\u00bb||||false|false\u00bb custom_padding=\u00bb||||false|false\u00bb animation=\u00bboff\u00bb link_option_url=\u00bb@ET-DC@eyJkeW5hbWljIjp0cnVlLCJjb250ZW50IjoicG9zdF9saW5rX3VybF9wYWdlIiwic2V0dGluZ3MiOnsicG9zdF9pZCI6IjY2In19@\u00bb header_font_size_tablet=\u00bb18px\u00bb header_font_size_phone=\u00bb16px\u00bb header_font_size_last_edited=\u00bbon|desktop\u00bb body_font_size_tablet=\u00bb15px\u00bb body_font_size_phone=\u00bb13px\u00bb body_font_size_last_edited=\u00bbon|phone\u00bb border_width_bottom=\u00bb0px\u00bb border_color_bottom=\u00bbrgba(0,0,0,0.12)\u00bb locked=\u00bboff\u00bb global_colors_info=\u00bb{}\u00bb]<\/p>\n<p><span>El hueso de aceituna procede de la separaci\u00f3n pulpa-hueso de la masa de aceituna despu\u00e9s del prensado y la extracci\u00f3n del aceite&#8230;<\/span><\/p>\n<p>[\/et_pb_blurb][\/et_pb_column][et_pb_column type=\u00bb1_3&#8243; _builder_version=\u00bb4.16&#8243; _module_preset=\u00bbdefault\u00bb global_colors_info=\u00bb{}\u00bb][et_pb_blurb title=\u00bbPellet\u00bb image=\u00bbhttps:\/\/novabio.es\/wp-content\/uploads\/2022\/06\/pellet_icon-8.png\u00bb icon_alignment=\u00bbleft\u00bb content_max_width=\u00bb100%\u00bb _builder_version=\u00bb4.17.4&#8243; _dynamic_attributes=\u00bblink_option_url\u00bb _module_preset=\u00bbdefault\u00bb header_font=\u00bbDM Sans|700|||||||\u00bb header_text_color=\u00bb#093532&#8243; header_font_size=\u00bb20px\u00bb header_line_height=\u00bb1.2em\u00bb body_font=\u00bbDM Sans||||||||\u00bb body_text_color=\u00bb#6b8483&#8243; body_font_size=\u00bb16px\u00bb custom_margin=\u00bb||||false|false\u00bb custom_padding=\u00bb||||false|false\u00bb animation=\u00bboff\u00bb link_option_url=\u00bb@ET-DC@eyJkeW5hbWljIjp0cnVlLCJjb250ZW50IjoicG9zdF9saW5rX3VybF9wYWdlIiwic2V0dGluZ3MiOnsicG9zdF9pZCI6IjY2In19@\u00bb header_font_size_tablet=\u00bb18px\u00bb header_font_size_phone=\u00bb16px\u00bb header_font_size_last_edited=\u00bbon|desktop\u00bb body_font_size_tablet=\u00bb15px\u00bb body_font_size_phone=\u00bb13px\u00bb body_font_size_last_edited=\u00bbon|phone\u00bb border_width_bottom=\u00bb0px\u00bb border_color_bottom=\u00bbrgba(0,0,0,0.12)\u00bb locked=\u00bboff\u00bb global_colors_info=\u00bb{}\u00bb]<\/p>\n<p>Producto que procede de la densificaci\u00f3n de diversos materiales, granulado y alargado con un di\u00e1metro de 6-8 mm&#8230;<\/p>\n<p>&nbsp;<\/p>\n<p>[\/et_pb_blurb][\/et_pb_column][et_pb_column type=\u00bb1_3&#8243; _builder_version=\u00bb4.16&#8243; _module_preset=\u00bbdefault\u00bb global_colors_info=\u00bb{}\u00bb][et_pb_blurb title=\u00bbSaco y a granel\u00bb image=\u00bbhttps:\/\/novabio.es\/wp-content\/uploads\/2022\/06\/saco_icon-8.png\u00bb icon_alignment=\u00bbleft\u00bb content_max_width=\u00bb100%\u00bb _builder_version=\u00bb4.17.4&#8243; _dynamic_attributes=\u00bblink_option_url\u00bb _module_preset=\u00bbdefault\u00bb header_font=\u00bbDM Sans|700|||||||\u00bb header_text_color=\u00bb#093532&#8243; header_font_size=\u00bb20px\u00bb header_line_height=\u00bb1.2em\u00bb body_font=\u00bbDM Sans||||||||\u00bb body_text_color=\u00bb#6b8483&#8243; body_font_size=\u00bb16px\u00bb custom_margin=\u00bb||||false|false\u00bb custom_padding=\u00bb||||false|false\u00bb animation=\u00bboff\u00bb link_option_url=\u00bb@ET-DC@eyJkeW5hbWljIjp0cnVlLCJjb250ZW50IjoicG9zdF9saW5rX3VybF9wYWdlIiwic2V0dGluZ3MiOnsicG9zdF9pZCI6IjY2In19@\u00bb header_font_size_tablet=\u00bb18px\u00bb header_font_size_phone=\u00bb16px\u00bb header_font_size_last_edited=\u00bbon|desktop\u00bb body_font_size_tablet=\u00bb15px\u00bb body_font_size_phone=\u00bb13px\u00bb body_font_size_last_edited=\u00bbon|phone\u00bb border_width_bottom=\u00bb0px\u00bb border_color_bottom=\u00bbrgba(0,0,0,0.12)\u00bb locked=\u00bboff\u00bb global_colors_info=\u00bb{}\u00bb]<\/p>\n<p><span>Se ofrecen varios formatos de venta y su distribuci\u00f3n&#8230;<\/span><\/p>\n<p>[\/et_pb_blurb][\/et_pb_column][\/et_pb_row][\/et_pb_section]<\/p>\n","protected":false},"excerpt":{"rendered":"<p>novaBIOPol\u00edtica de Cookies1.- ANTECEDENTES De conformidad con la normativa espa\u00f1ola que regula el uso de cookies, le informamos sobre las cookies utilizadas en este sitio web. &nbsp; 2.- \u00bfQUE SON LAS COOKIES? Una cookie es un fichero que se descarga en el ordenador del usuario al acceder a determinadas p\u00e1ginas web y que almacenan y [&hellip;]<\/p>\n","protected":false},"author":2,"featured_media":0,"parent":0,"menu_order":0,"comment_status":"closed","ping_status":"closed","template":"","meta":{"_et_pb_use_builder":"on","_et_pb_old_content":"","_et_gb_content_width":"","footnotes":""},"class_list":["post-127","page","type-page","status-publish","hentry"],"_links":{"self":[{"href":"https:\/\/novabio.es\/index.php\/wp-json\/wp\/v2\/pages\/127","targetHints":{"allow":["GET"]}}],"collection":[{"href":"https:\/\/novabio.es\/index.php\/wp-json\/wp\/v2\/pages"}],"about":[{"href":"https:\/\/novabio.es\/index.php\/wp-json\/wp\/v2\/types\/page"}],"author":[{"embeddable":true,"href":"https:\/\/novabio.es\/index.php\/wp-json\/wp\/v2\/users\/2"}],"replies":[{"embeddable":true,"href":"https:\/\/novabio.es\/index.php\/wp-json\/wp\/v2\/comments?post=127"}],"version-history":[{"count":4,"href":"https:\/\/novabio.es\/index.php\/wp-json\/wp\/v2\/pages\/127\/revisions"}],"predecessor-version":[{"id":195,"href":"https:\/\/novabio.es\/index.php\/wp-json\/wp\/v2\/pages\/127\/revisions\/195"}],"wp:attachment":[{"href":"https:\/\/novabio.es\/index.php\/wp-json\/wp\/v2\/media?parent=127"}],"curies":[{"name":"wp","href":"https:\/\/api.w.org\/{rel}","templated":true}]}}